 15*(-6)/(-9)*(-6)/4. Calculate the remainder when y(z) is divided by 18.
14
Suppose -23 = f - 69. Let g = -44 - f. Let z = 139 + g. Calculate the remainder when z is divided by 13.
10
Let z be 2/4*(1 + 9). Suppose 2*c = 4*m - 100, 27 + 128 = z*m + 5*c. What is the remainder when m is divided by 11?
5
Let x(n) = 90 - 13*n + 3*n - 108. What is the remainder when 40 is divided by x(-4)?
18
Let l(i) = 13*i**3 - 2*i**2 + 3*i - 2. Let h be l(1). Let j = h + -7. Let c(q) = 7*q - 1. What is the remainder when c(2) is divided by j?
3
Suppose -2*p + 3*f = -251, 92 = 3*p + 2*f - 304. Suppose -4*m = -5*c - 74 - 171, 0 = -2*m + 4*c + p. Calculate the remainder when m is divided by 29.
26
Suppose 0 = 4*g + 22 - 14. Let s(v) = 5*v**2 + 4*v + 2. What is the remainder when 124 is divided by s(g)?
12
Suppose 13 - 58 = -5*z. Calculate the remainder when z is divided by (-4 + 0/(-1))*33/(-44).
0
Let z(v) = 2*v**2 - 38*v - 34. Calculate the remainder when 18 is divided by z(20).
0
Let b(n) = 6*n**3 - n**2 + 2*n - 1. Let f be b(1). Suppose -f*d - 2*c = -2*d - 20, -2*d - 4*c = -10. Calculate the remainder when 17 is divided by d.
2
Let o(b) = -356*b - 1. Let t be o(-6). What is the remainder when t/14 + (-6)/(-4) is divided by 39?
37
Suppose -17 = 776*n - 777*n. What is the remainder when 85 is divided by n?
0
Let b(h) be the third derivative of h**5/60 - 3*h**4/8 - 7*h**3/6 - 18*h**2. Let o = -19 - -31. What is the remainder when b(o) is divided by 16?
13
Let g = 889 + -707. Suppose 2*z - 151 = -5*p - 44, 5*p - 131 = 4*z. Calculate the remainder when g is divided by p.
21
Let a = -415 - -438. Calculate the remainder when 53 is divided by a.
7
Suppose -4*a = -29*a + 3600. What is the remainder when a is divided by 73?
71
Let q = -2 + 2. Let f = 17 + q. What is the remainder when f is divided by 7 + 0 + 4/2?
8
Let k(g) = -5*g**2 - 3*g - 8. Let m(a) = 4*a**2 + 4*a + 7. Let v(z) = -5*k(z) - 6*m(z). What is the remainder when v(11) is divided by 12?
8
Suppose -680 = 6*v - 16*v. What is the remainder when 335 is divided by v?
63
Let t(r) = -r + 1. Let c(y) = 16*y - 17. Let a(b) = -c(b) - 6*t(b). What is the remainder when a(-7) is divided by 17?
13
Suppose -z + 16 = 7*z. Suppose 201 = d + z*d. What is the remainder when d is divided by 17?
16
Calculate the remainder when (-684)/(-21)*112/32 is divided by 18.
6
Suppose 3*x = 7*x - 264. What is the remainder when 263 is divided by x?
65
Suppose r = -v + 10, -r = -0*v - v. Suppose -m - 280 = -v*m. Calculate the remainder when m is divided by 18.
16
Let s be (-24)/(-9)*(-9)/(-12). Suppose -a = -3*f + 39, 41 - s = 3*f + 5*a. Suppose -2*u + u = -f. Calculate the remainder when u is divided by 7.
6
Let l(d) = -d**2 - 15*d - 5. Let u be l(-11). Let q = -27 + u. Calculate the remainder when 22 is divided by q.
10
Suppose 47 = k + 5*h, 2*k - 452*h = -454*h + 78. Suppose -4*v + 2*f = -76, 5*v + f - 60 - 42 = 0. What is the remainder when k is divided by v?
17
Let g = -55 + 84. Let v = g - 27. What is the remainder when 4 is divided by v?
0
Let c(u) = u**2 - 26*u + 99. Calculate the remainder when 86 is divided by c(24).
35
Calculate the remainder when ((-65)/(-117))/((-1)/(-3))*3 is divided by 3.
2
Let k(u) = u**2 + 7*u + 7. Let c = -6 + 14. Calculate the remainder when c is divided by k(-7).
1
Let d be 29 + (2 - (-4 - -3)). Suppose -4 = -d*b + 30*b. Calculate the remainder when 4 is divided by b.
0
Suppose 0 = -3*m - 2*g + 32, m = -3*m + 3*g + 71. Suppose 56*u - 76 = 148. Calculate the remainder when m is divided by u.
2
Let g(o) = -o**3 + 28*o**2 - 28*o + 42. Calculate the remainder when g(27) is divided by 2.
1
Let r = 236 + -202. What is the remainder when 64 is divided by r?
30
Suppose 6*z - 47 = 223. Suppose 3*d - 16 - 26 = 0. What is the remainder when z is divided by d?
3
Suppose 5030 = 46*s + 844. Calculate the remainder when 106 is divided by s.
15
Let b(r) = 4*r**2 - 4*r - 1. Suppose m = 4*m - 3. Let a = 2 + m. What is the remainder when b(a) is divided by 8?
7
Let j = 112 + -70. Let g be (-4)/12*(-2 + -13). Suppose t + 60 = g*t. What is the remainder when j is divided by t?
12
Suppose 5*n = -m + 6*n + 16, 0 = 4*m + n - 84. What is the remainder when 99 is divided by m?
19
Let z(u) = -u**3 + 15*u**2 + 15*u + 6. Let o be z(16). Let k(a) = -a**3 - 10*a**2 - 2*a - 10. Calculate the remainder when 98 is divided by k(o).
8
Let h be (3/5)/((-4)/(-920)). Suppose -2*t = -0*t + 4*j - 58, -4*t = -3*j - h. Calculate the remainder when t is divided by 15.
3
Suppose 5*i = -3*i + 3*i. Suppose -3*k - 2*k + 445 = i. Calculate the remainder when k is divided by 15.
14
Let x = 9 - 5. Suppose -r - 44 = -4*d, 4*r - 59 = -5*d - x. Let l = 4 - 1. What is the remainder when d is divided by l?
2
Let s = -18 + -29. Let b = -41 - s. What is the remainder when 34 is divided by b?
4
Let o be 2/(-4)*(-169 - -5). Let m = o - 8. Calculate the remainder when m is divided by 25.
24
What is the remainder when 161 is divided by ((-625)/(-15) + -5)/((-4)/(-6))?
51
Let j(a) = 2*a**2 - 12*a - 51. Calculate the remainder when 123 is divided by j(-4).
7
Let l = 1611 + -1591. Calculate the remainder when 96 is divided by l.
16
Calculate the remainder when 25/(-5) + (-2 - -556) is divided by 29.
27
Suppose 3*g = x - 6, -5*x + 2*g + 10 = -3*g. Let z(j) = 17*j - 37. Let u(o) = 4*o. Let m(c) = 4*u(c) - z(c). What is the remainder when m(x) is divided by 10?
7
Let i(d) = -d**3 + 7*d**2 - 7*d. Let w = -411 - -468. Calculate the remainder when w is divided by i(5).
12
Suppose -4*o + 199*n = 200*n - 1828, -2*n = 3*o - 1371. Calculate the remainder when o is divided by 27.
25
Let d(y) = -y**3 - 10*y**2 - 2*y - 17. Calculate the remainder when d(-11) is divided by 16.
14
Let y(j) = j**3 - 5*j**2 - 4*j - 3. Let q(h) = 3*h**2 - 3*h - 2. Calculate the remainder when y(6) is divided by q(-1).
1
Let o(y) = y**3 - 22*y**2 - 18*y + 6. Let z be o(23). Suppose 0 = -9*m - 4 + z. Calculate the remainder when m is divided by 5.
3
Suppose 9 = 2*i + w, -i + 3*w = -2*i + 17. Suppose -55 = i*l - 7*l. What is the remainder when 86 is divided by l?
9
Let u(i) = i**3 - 6*i**2 + 2*i. Let g be u(5). Suppose y + 13 = 4*y - 5*w, -2*y + 3*w = -9. What is the remainder when 47 is divided by y*(-8)/60*g?
11
Suppose -20*r + 28*r = 568. What is the remainder when r is divided by 43?
28
Let d(y) = 19*y - 3. Let b = 419 + -407. What is the remainder when d(2) is divided by b?
11
Let o(j) = 14*j + 5. Let m(x) = -1. Suppose -3*t = 2*t - 5. Let n(k) = t*o(k) + 6*m(k). What is the remainder when 50 is divided by n(1)?
11
Let r(d) = -d**3 - 8*d**2 + 55*d - 17. Calculate the remainder when r(-14) is divided by 26.
25
Let z = -8 + 23. Let w be (-3)/(-2 + z/12). Suppose 8 = w*d, -q + 2*d = -d - 40. Calculate the remainder when q is divided by 16.
14
Suppose -38 = 5*l - 203. What is the remainder when l is divided by (3/9)/1 + (-26)/(-3)?
6
Suppose -5*w - s + 32 = 3, -4*s = -w - 11. Suppose 10*n = w*n - 5, -2*q + 5*n + 191 = 0. Calculate the remainder when q is divided by 19.
17
Let f be 2 + (-10)/2 + 66. Let c = 45 - f. Calculate the remainder when 42 is divided by ((-9)/6)/(c/132).
9
Suppose -2*y = -230 - 24. Calculate the remainder when y is divided by 10.
7
Suppose -4*n - f + 281 = 0, 2*n - 5*f - 143 = -6*f. What is the remainder when 337 is divided by n?
61
Let j = 1074 - 1049. Calculate the remainder when 97 is divided by j.
22
Let h(n) = -n + 19. Let l be h(13). What is the remainder when ((-453)/3)/(3/l*-2) is divided by 31?
27
Let m = -64 + 117. Suppose 84 = 8*z - 2*z. What is the remainder when m is divided by z?
11
Suppose -3*v + 2*v = -57. Suppose -5*c + 4*o = -14 - v, -4*o = -4*c + 56. Calculate the remainder when c is divided by 4.
3
Let d be (-144)/(-30) - (-1)/5. Suppose 0*i - 51 = -i + d*q, -98 = -3*i + 4*q. Calculate the remainder when i is divided by 16.
10
Suppose 16 = 5*d - 2*w - 7, 2*d + 2*w = -2. Suppose -54 = -2*g - 4*f, -2*g + 0*g = d*f - 54. Calculate the remainder when g is divided by 10.
7
Suppose -2427 = 11*a - 14802. What is the remainder when a is divided by 24?
21
Suppose -15*m = -32*m + 85. Suppose -5*p + 3*j + 101 = -j, -p - 4*j + 1 = 0. Calculate the remainder when p is divided by m.
2
Suppose -t + 2*j + 93 + 4 = 0, -4*j - 372 = -4*t. Calculate the remainder when 127 i